ue
Is 1065150371 a composite number?
True
Is 1474247711 a prime number?
False
Is 2989867921 prime?
True
Is 1803338177 prime?
True
Is 2098660007 a prime number?
True
Is 45585925361 prime?
False
Is 4786888541 composite?
False
Is 10431252373 composite?
False
Is 136599141257 a composite number?
True
Is 25348571 a composite number?
False
Is 70147670287 a composite number?
False
Is 4682789957 a prime number?
False
Is 1894065169 prime?
True
Is 5066458919 a composite number?
False
Is 2652222959 prime?
True
Is 18717189167 prime?
False
Is 9955238897 prime?
False
Is 2936081 a prime number?
False
Is 260521852573 prime?
False
Is 8701133951 a composite number?
False
Is 27059437 a composite number?
True
Is 967979317 a composite number?
False
Is 1646376943 prime?
True
Is 9614409263 prime?
False
Is 851270941 composite?
False
Is 458609911 prime?
True
Is 2453989 prime?
False
Is 9992868473 composite?
True
Is 199950463 a composite number?
False
Is 1109168609 a prime number?
True
Is 18153370633 prime?
False
Is 3005603003 a composite number?
True
Is 4572001121 prime?
True
Is 988090577 a prime number?
False
Is 12490577653 a prime number?
True
Is 6287578463 prime?
False
Is 16395931841 a composite number?
True
Is 200834370281 composite?
False
Is 15276269269 a prime number?
True
Is 162401179 composite?
False
Is 829288367 prime?
True
Is 476712503 composite?
True
Is 3448614446 composite?
True
Is 21567421097 composite?
False
Is 200386242637 a composite number?
True
Is 51005503 composite?
False
Is 22427346847 a composite number?
False
Is 1818965461 prime?
False
Is 508242199 composite?
True
Is 423719273 a prime number?
True
Is 17966551 a composite number?
False
Is 1135270349 a prime number?
False
Is 1178083141 composite?
True
Is 53336951 a composite number?
False
Is 275900401 a prime number?
False
Is 1704403121 a prime number?
True
Is 366859667 a prime number?
True
Is 12066965291 a prime number?
True
Is 29904649087 prime?
True
Is 16018787867 prime?
True
Is 4559769199 a prime number?
False
Is 963487453 a composite number?
True
Is 90258622723 a prime number?
True
Is 592000781 composite?
False
Is 50328425201 a composite number?
False
Is 7850833553 prime?
True
Is 10315987837 composite?
False
Is 18433590431 prime?
True
Is 3592830107 a composite number?
True
Is 13608696317 a prime number?
True
Is 808165157 a composite number?
True
Is 1787229497 prime?
False
Is 131452128917 a prime number?
False
Is 136447345407 composite?
True
Is 170254891 a composite number?
True
Is 9551591887 a composite number?
True
Is 241752079 composite?
False
Is 697826621 composite?
True
Is 1895616851 a prime number?
True
Is 3415512047 a composite number?
False
Is 2441565143 prime?
False
Is 604898011 composite?
False
Is 35164962629 prime?
True
Is 932317339 a composite number?
True
Is 19078229607 a composite number?
True
Is 1090488583 composite?
True
Is 2249945783 a composite number?
False
Is 116271973 a composite number?
False
Is 688717193 composite?
False
Is 92027212773 a prime number?
False
Is 84736094051 prime?
False
Is 38679527143 a composite number?
True
Is 15669343121 a prime number?
False
Is 1059714443 a composite number?
True
Is 850105909 a composite number?
False
Is 48598778861 a prime number?
True
Is 1552878353 prime?
False
Is 31559615363 a prime number?
False
Is 39669913 a composite number?
False
Is 7445786347 a composite number?
True
Is 3931757147 composite?
True
Is 137448386233 composite?
False
Is 4981250309 a prime number?
False
Is 2180051387 a composite number?
False
Is 2743302379 prime?
False
Is 151622741 a composite number?
False
Is 1376527787 prime?
True
Is 10603961989 composite?
False
Is 2660640701 prime?
False
Is 7597721779 a prime number?
True
Is 27551624305 a composite number?
True
Is 45881507719 composite?
False
Is 15211746061 prime?
True
Is 40996001363 prime?
True
Is 2743176721 a composite number?
False
Is 30096058169 composite?
False
Is 23115838283 composite?
False
Is 9831637721 a prime number?
True
Is 2940907561 a prime number?
True
Is 2012664907 prime?
False
Is 205483321 a composite number?
False
Is 1327472663 a composite number?
True
Is 1930992001 prime?
False
Is 21029834159 a prime number?
True
Is 1169421569 a composite number?
False
Is 17307352957 a prime number?
False
Is 15377016911 a prime number?
False
Is 98328738091 a prime number?
False
Is 616833121 a composite number?
True
Is 17703747829 a composite number?
True
Is 2037075851 prime?
False
Is 384358859 a composite number?
False
Is 4026790837 composite?
False
Is 47520520517 a prime number?
True
Is 17818063973 a composite number?
False
Is 32045009201 composite?
False
Is 51469526663 prime?
False
Is 608102251 a prime number?
False
Is 36051175115 composite?
True
Is 3896293391 a prime number?
True
Is 3449066501 a composite number?
False
Is 59423451049 prime?
True
Is 3357175751 composite?
True
Is 48178861 prime?
False
Is 37460406017 a prime number?
False
Is 3805245583 a composite number?
False
Is 64744717 prime?
False
Is 8112794609 a prime number?
False
Is 53807898227 a composite number?
False
Is 43389009319 a composite number?
False
Is 14489954833 a prime number?
False
Is 1399844351 a composite number?
False
Is 2330318831 a composite number?
True
Is 30375523 a composite number?
True
Is 143521943 prime?
True
Is 9190354721 a composite number?
False
Is 2774213887 composite?
True
Is 573620833 composite?
True
Is 1469916947 a prime number?
True
Is 4253410783 composite?
True
Is 3127480899 composite?
True
Is 8760139457 a prime number?
False
Is 368545627 a composite number?
True
Is 38391073547 composite?
False
Is 2686417651 composite?
False
Is 12501311 composite?
False
Is 6681785393 composite?
True
Is 21140668669 prime?
True
Is 1134173477 composite?
False
Is 23685669746 a composite number?
True
Is 6620255563 composite?
False
Is 22457899297 a prime number?
False
Is 30612577 a prime number?
True
Is 39733557271 a composite number?
False
Is 16491293593 composite?
True
Is 2810426939 prime?
True
Is 4441909799 a composite number?
True
Is 202607664107 composite?
True
Is 8783685447 a composite number?
True
Is 25196104397 prime?
True
Is 756249881 a composite number?
True
Is 1398987599 a composite number?
False
Is 10509523309 a composite number?
False
Is 10027898345 prime?
False
Is 16175885411 prime?
False
Is 22224504917 composite?
False
Is 9253781093 a composite number?
False
Is 3154497499 a prime number?
True
Is 28510615879 a composite number?
False
Is 27301462807 a prime number?
True
Is 526773239 composite?
True
Is 845463265 a composite number?
True
Is 726409157 a prime number?
True
Is 410323049 a composite number?
True
Is 2155755883 composite?
True
Is 1052282857 composite?
False
Is 213618799001 composite?
True
Is 65749517497 prime?
True
Is 7331599778 prime?
False
Is 57734063 a prime number?
True
Is 4257910091 a composite number?
True
Is 226921109 a prime number?
True
Is 13853307619 composite?
True
Is 23674307662 composite?
True
Is 69959788361 a prime number?
True
Is 45832553087 prime?
False
Is 5531059 prime?
True
Is 27389034677 a prime number?
True
Is 6856814309 a prime number?
True
Is 31254422453 prime?
True
Is 16763718347 a prime number?
False
Is 4397151747 prime?
False
Is 253696697 composite?
False
Is 164186609 a prime number?
True
Is 2084758523 a composite number?
True
Is 10154807099 composite?
False
Is 5438052143 prime?
False
Is 20083418729 composite?
True
Is 667043513 prime?
True
Is 765316231 composite?
False
Is 113733673 prime?
False
Is 6573921047 composite?
False
Is 3534836989 a composite number?
True
Is 5673467609 composite?
False
Is 1266005567 a prime number?
False
Is 27180113951 prime?
True
Is 8358870353 composite?
True
Is 1090216129 prime?
False
Is 1505512213 a composite number?
True
Is 11689277647 composite?
True
Is 20735090447 a composite number?
False
Is 77960177 prime?
True
Is 9222883238 prime?
False
Is 805613993 a prime number?
True
Is 56220549139 a prime number?
False
Is 5414215519 composite?
False
Is 31249939697 composite?
True
Is 17045693471 composite?
False
Is 398599987 a prime number?
False
Is 1517418311 a composite number?
False
Is 1062783317 a prime number?
False
Is 75092239529 composite?
False
Is 2035447133 prime?
False
Is 79165806067 a composite number?
True
Is 1032523915 a composite number?
True
Is 12700081369 comp